s**2 + 1478*s - 11825. Calculate z(8).
-65
Let t(a) = -4*a**3 + 398*a**2 - 611*a + 2263. Determine t(98).
9
Let u(c) = c**3 + 117*c**2 - 4585*c + 257. Determine u(-148).
-187
Let a(y) = 3*y**3 - 19*y**2 + 90*y - 160. Calculate a(5).
190
Let c(f) = -3*f**2 + 678*f - 7725. What is c(12)?
-21
Let n(b) = 1726*b - 12198. What is n(7)?
-116
Let p(h) = h**3 - 96*h**2 - 2894*h + 1698. Determine p(120).
18
Let n(k) = -2*k**3 - 52*k**2 + 66*k + 2002. Give n(0).
2002
Let y(f) = 19*f**2 - 558*f + 4252. Calculate y(8).
1004
Let i(t) = -3*t**3 + 33*t**2 + 34*t + 101. Calculate i(11).
475
Let b(r) = -12*r**3 + 453*r**2 - 591*r + 26785. What is b(38)?
-5
Let t(a) = -5*a**2 + 1164*a + 66078. Give t(280).
-2
Let i(t) = 7*t**3 + 534*t**2 - 1081*t + 6. What is i(2)?
36
Let h(n) = -20*n**2 + 105*n - 155. Give h(3).
-20
Let x(u) = u**3 - 105*u**2 - 904*u - 15. What is x(113)?
-15
Let n(c) = -31*c**2 + 408*c - 597. What is n(11)?
140
Let f(i) = -17*i**2 + 4542*i + 9069. Give f(-2).
-83
Let s(d) = -532*d + 250037. Determine s(470).
-3
Let u(o) = 5*o**3 + 22*o**2 + 130*o + 1061. What is u(-6)?
-7
Let m(k) = 176*k + 4796. Determine m(-25).
396
Let w(f) = 401*f + 57285. What is w(-143)?
-58
Let g(j) = 3*j**3 - 1173*j**2 - 47491*j + 621. What is g(-37)?
-8
Let y(k) = 15*k**2 + 361*k - 96164. What is y(-93)?
-2
Let d(l) = -24230*l - 4046380. What is d(-167)?
30
Let k(y) = 12*y**2 + 211*y + 167. Give k(-16).
-137
Let i(k) = -405031*k + 2835212. Calculate i(7).
-5
Let z(m) = -4453*m + 213924. Give z(48).
180
Let f(g) = g**2 - 2666*g + 80496. What is f(31)?
-1189
Let a(o) = -1395*o + 42770. Determine a(31).
-475
Let d(n) = 12*n**2 + 25*n - 68. Give d(14).
2634
Let h(y) = -16597*y + 215069. Calculate h(13).
-692
Let b(x) = -10171*x + 61114. Calculate b(6).
88
Let j(f) = 434*f**2 + 17*f + 33. Determine j(-2).
1735
Let d(k) = -55764*k - 167374. Give d(-3).
-82
Let j(b) = -b**3 - 25*b**2 - 196*b - 6109. Calculate j(-26).
-337
Let i(d) = 9*d**3 + 218*d**2 - 129*d - 387. What is i(-24)?
3861
Let x(q) = -13159*q + 237210. Give x(18).
348
Let v(n) = 5562*n - 105106. What is v(19)?
572
Let v(x) = 3*x**2 + 279*x - 608. Give v(-97).
556
Let g(x) = x**2 + 56*x - 204. Determine g(-61).
101
Let x(h) = -33*h - 1890. What is x(-44)?
-438
Let z(s) = -3*s**3 - 307*s**2 + 151*s - 4727. Determine z(-103).
938
Let w(v) = 51698*v + 516988. Determine w(-10).
8
Let f(s) = -10*s**2 + 215*s + 4896. Calculate f(-14).
-74
Let k(a) = -a**3 + 285*a**2 - 1405*a + 1027. Determine k(280).
-373
Let v(b) = 8*b**3 - 727*b**2 + 11285*b + 90. Calculate v(71).
-194
Let y(a) = 32553*a + 943914. Give y(-29).
-123
Let z(h) = h**3 - 1259*h**2 + 3761*h + 22. What is z(3)?
1
Let u(d) = -d**3 + 18*d**2 - 919*d + 19188. Calculate u(20).
8
Let y(o) = -405*o + 14885. Give y(36).
305
Let y(l) = -34*l**2 + 29*l + 75. What is y(2)?
-3
Let o(l) = 1392*l - 299. What is o(0)?
-299
Let z(y) = -y**2 - 279*y + 2641. What is z(9)?
49
Let y(c) = -2*c**3 + 20*c**2 + 7892*c + 206. Determine y(-58).
-26
Let d(y) = 5820*y + 36211. Calculate d(-6).
1291
Let h(y) = -1057*y + 34880. Calculate h(33).
-1
Let d(r) = -10*r**2 + 584*r + 608. Determine d(-1).
14
Let a(q) = 2*q**3 + q**2 - 213*q + 71. What is a(-11)?
-127
Let u(f) = -2*f**3 + 182*f**2 + 195*f - 33706. What is u(90)?
44
Let r(o) = 43648*o - 305253. Determine r(7).
283
Let f(m) = 3*m**2 + 62*m - 362. What is f(-27)?
151
Let c(j) = j**3 - 26*j**2 - 249*j + 251. Calculate c(34).
1033
Let h(r) = -49212*r + 295242. Give h(6).
-30
Let u(k) = -5*k**2 - 364*k + 2847. Give u(-80).
-33
Let d(l) = -1911*l - 28369. What is d(-15)?
296
Let v(x) = -394978*x + 394979. Calculate v(1).
1
Let i(s) = -59*s**3 - 185*s**2 + 5*s - 8. What is i(-4)?
788
Let i(y) = -7*y**2 + 1706*y - 8562. What is i(5)?
-207
Let y(g) = -g**2 - 955*g - 51451. Give y(-57).
-265
Let r(h) = 2*h**3 + 49*h**2 + 210*h + 68. Give r(-19).
49
Let b(z) = 12890*z + 51572. Calculate b(-4).
12
Let d(n) = n**3 - 31*n**2 - 14*n - 1723. Determine d(33).
-7
Let i(x) = -11039*x - 45286. Calculate i(-4).
-1130
Let o(f) = -11987*f - 2025796. Give o(-169).
7
Let k(q) = -11291*q - 79020. Give k(-7).
17
Let m(y) = 19*y**2 - 182*y + 7. What is m(5)?
-428
Let t(d) = -110*d**2 - 4539*d - 5558. Calculate t(-40).
2
Let m(t) = -30*t**2 + 246*t + 612. Give m(-2).
0
Let r(x) = -2*x**3 - 60*x**2 + 538*x - 23. What is r(7)?
117
Let l(z) = 6882*z + 34578. Determine l(-5).
168
Let g(o) = -2*o**3 - 58*o**2 + 259*o - 80. Determine g(-33).
85
Let y(r) = -964*r + 44399. Give y(46).
55
Let h(d) = -38494*d - 2040175. What is h(-53)?
7
Let g(a) = 5*a**3 - 2615*a**2 + 5184*a + 13537. What is g(521)?
-9
Let c(i) = -1505*i - 24178. Give c(-18).
2912
Let r(s) = 2*s**3 - 11*s**2 + 156*s - 837. Give r(6).
135
Let q(k) = -33*k**2 - 93*k + 606. What is q(5)?
-684
Let d(b) = 16*b**2 + 684*b + 186. What is d(-42)?
-318
Let y(q) = 45321*q - 53342817. Determine y(1177).
0
Let q(n) = 134*n - 3086. Calculate q(28).
666
Let f(v) = 46*v**2 - 25878*v + 14620. Determine f(562).
8
Let j(v) = -4805*v - 446872. Give j(-93).
-7
Let d(l) = l**2 + 696*l + 107787. Calculate d(-463).
-92
Let g(x) = x**3 - 65*x**2 - 2043*x + 193. Calculate g(88).
-1479
Let j(v) = v**3 - 23*v**2 + 653*v - 10737. What is j(17)?
-1370
Let l(p) = 575242*p + 1150544. What is l(-2)?
60
Let k(g) = -372*g**2 + 118666*g + 628. Give k(319).
-10
Let m(s) = 14740*s + 74251. What is m(-5)?
551
Let h(m) = -m**2 - 212*m - 10391. Determine h(-132).
169
Let u(j) = 3*j**3 + 96*j**2 - 30*j + 681. Determine u(-33).
-1596
Let s(x) = 7*x**2 - 38*x - 638. What is s(-9)?
271
Let t(l) = -1312*l**3 - 628447*l**2 + 481*l + 966. Give t(-479).
8
Let m(s) = 8*s**2 - 364*s + 1392. Calculate m(4).
64
Let p(x) = x**3 + 64*x**2 - 2121*x - 125603. Calculate p(-68).
129
Let m(f) = 6*f**3 + 289*f**2 - 861*f + 6. Give m(3).
186
Let f(r) = 205*r**2 - 12709*r + 21. Determine f(62).
83
Let a(v) = -33037*v + 162841. Give a(5).
-2344
Let z(o) = o**3 + 8*o**2 + 63487*o + 380855. Calculate z(-6).
5
Let b(f) = -f**3 - 310*f**2 + 6*f + 1880. Calculate b(-310).
20
Let y(g) = 2666*g + 13725. Determine y(-5).
395
Let c(r) = 706*r + 58587. What is c(-83)?
-11
Let a(m) = -5*m**3 - 145*m**2 - 357*m + 887. Determine a(-26).
29
Let k(i) = -11*i**2 - 169*i - 239. Calculate k(-14).
-29
Let v(c) = c**3 + 74*c**2 - 102*c - 2040. What is v(-75)?
-15
Let z(o) = -88107*o**2 - 352427*o - 1. Determine z(-4).
-5
Let w(c) = -104177*c - 625077. What is w(-6)?
-15
Let c(x) = x**2 + 3550*x + 91645. Calculate c(-26).
21
Let d(c) = -c**2 - 463*c + 18500. Calculate d(37).
0
Let m(q) = 1103*q - 419162. Calculate m(380).
-22
Let u(z) = 289*z**2 - 2313*z - 2310. What is u(-1)?
292
Let d(t) = -3*t**3 - 56*t**2 + 23087*t + 416198. Calculate d(-18).
-16
Let w(r) = -61241*r + 367426. What is w(6)?
-20
Let z(i) = -1808*i**2 + 23349*i + 2027. What is z(13)?
12
Let j(v) = -16*v**2 - 265*v - 761. Determine j(-13).
-20
Let d(t) = 310460*t - 2483695. Calculate d(8).
-15
Let b(s) = 49*s - 17243. What is b(352)?
5
Let j(d) = 203*d**2 - 136*d + 418. Determine j(3).
1837
Let h(y) = -2*y**3 + 130*y**2 - 218*y - 1092. What is h(63)?
1050
Let h(c) = 4*c**3 + 841*c**2 - 614*c + 4069. What is h(-211)?
60
Let i(c) = 35*c**2 + 2330*c - 1017. Calculate i(-67).
-12
Let o(a) = -7165*a - 293020. Give o(-41).
745
Let m(y) = 6284*y + 25185. What is m(-4)?
49
Let u(a) = a**3 - 32*a**2 - 414*a + 11354. Calculate u(17).
-19
Let f(p) = 3*p**3 + 144*p**2 + 407*p + 579. Calculate f(-45).
489
Let p(g) = -25*g**2 - 40*g - 66. Calculate p(-3).
-171
Let s(x) = 2*x**3 + 15*x**2 - 54*x - 326. What is s(-6)?
106
Let x(m) = 600*m - 7861. What is x(13)?
-61
Let v(z) = -123*z + 1736. Calculate v(17).
-355
Let k(w) = -w**2 + 134*w - 4423. Determine k(63).
50
Let t(m) = -214679*m - 1073353. Calculate t(-5).
42
Let v(i) = 25532*i - 1582945. Determine v(62).
39
Let o(v) = 6*v**2 + 780*v + 12993. Give o(-111).
339
Let c(r) = -3312*r - 99494. Give c(-30).
-134
Let n(f) = -7*f**2 - 902*f + 4509. Determine n(5).
-176
Let f(b) = 5*b**2 + 567*b - 60474. What is f(67)?
-40
Let n(d) = -d**3 + d**2 - 1938*d - 1940. What is n(-1)?
0
Let w(d) = -5*d**2 + 786*d + 13453. Calculate w(173).
-214
Let m(o) = -o**2 + 354207*o + 1062623. Determine m(-3).
-7
Let b(c) = -12*c**2 + 3206*c - 6407. Give b(2).
-43
Let k(z) = -91*z**2 + 2293*z - 1